{"id":2168,"date":"2026-01-14T10:08:08","date_gmt":"2026-01-14T13:08:08","guid":{"rendered":"https:\/\/www.rodasil-angola.com\/loja\/?post_type=product&#038;p=2168"},"modified":"2026-01-14T10:08:08","modified_gmt":"2026-01-14T13:08:08","slug":"hp-probook-mt31-celeron-8gb-ram","status":"publish","type":"product","link":"https:\/\/www.rodasil-angola.com\/loja\/produto\/hp-probook-mt31-celeron-8gb-ram\/","title":{"rendered":"HP PROBOOK MT31 CELERON 8GB RAM"},"content":{"rendered":"<h2 data-start=\"609\" data-end=\"644\"><strong data-start=\"615\" data-end=\"644\">Principais Especifica\u00e7\u00f5es<\/strong><\/h2>\n<h3 data-start=\"646\" data-end=\"668\"><strong data-start=\"653\" data-end=\"668\">Processador<\/strong><\/h3>\n<ul data-start=\"669\" data-end=\"914\">\n<li data-start=\"669\" data-end=\"914\">\n<p data-start=\"671\" data-end=\"914\"><strong data-start=\"671\" data-end=\"722\">Intel Celeron 3867U ou similar da s\u00e9rie Celeron<\/strong><br data-start=\"722\" data-end=\"725\" \/>Processador de entrada com desempenho modesto, suficiente para tarefas como navegar na internet, editar documentos, e-mails, v\u00eddeos leves e estudos.<\/p>\n<\/li>\n<\/ul>\n<h3 data-start=\"916\" data-end=\"940\"><strong data-start=\"923\" data-end=\"940\">Mem\u00f3ria (RAM)<\/strong><\/h3>\n<ul data-start=\"941\" data-end=\"1135\">\n<li data-start=\"941\" data-end=\"1135\">\n<p data-start=\"943\" data-end=\"1135\"><strong data-start=\"943\" data-end=\"960\">8 GB DDR4 RAM<\/strong><br data-start=\"960\" data-end=\"963\" \/>Boa quantidade de mem\u00f3ria para abrir v\u00e1rias abas do navegador e usar v\u00e1rios programas leves ao mesmo tempo sem grandes travamentos.<\/p>\n<\/li>\n<\/ul>\n<h3 data-start=\"1137\" data-end=\"1161\"><strong data-start=\"1144\" data-end=\"1161\">Armazenamento<\/strong><\/h3>\n<ul data-start=\"1162\" data-end=\"1373\">\n<li data-start=\"1162\" data-end=\"1373\">\n<p data-start=\"1164\" data-end=\"1373\"><strong data-start=\"1164\" data-end=\"1205\">500 GB HDD<\/strong><\/p>\n<\/li>\n<\/ul>\n<h3 data-start=\"1375\" data-end=\"1391\"><strong data-start=\"1383\" data-end=\"1391\">Tela<\/strong><\/h3>\n<ul data-start=\"1392\" data-end=\"1573\">\n<li data-start=\"1392\" data-end=\"1573\">\n<p data-start=\"1394\" data-end=\"1573\"><strong data-start=\"1394\" data-end=\"1452\">Tela de 14\u2033 ou similar com resolu\u00e7\u00e3o HD (1366 \u00d7 768)<\/strong><br data-start=\"1452\" data-end=\"1455\" \/>Tamanho compacto e ideal para mobilidade, leitura de textos e v\u00eddeos b\u00e1sicos.<\/p>\n<\/li>\n<\/ul>\n<h3 data-start=\"1575\" data-end=\"1594\"><strong data-start=\"1582\" data-end=\"1594\">Gr\u00e1ficos<\/strong><\/h3>\n<ul data-start=\"1595\" data-end=\"1819\">\n<li data-start=\"1595\" data-end=\"1819\">\n<p data-start=\"1597\" data-end=\"1819\"><strong data-start=\"1597\" data-end=\"1640\">Gr\u00e1ficos integrados Intel\u00ae UHD Graphics<\/strong><br data-start=\"1640\" data-end=\"1643\" \/>Suporta reprodu\u00e7\u00e3o de v\u00eddeo, v\u00eddeos online e aplica\u00e7\u00f5es multim\u00eddia leves \u2014 n\u00e3o indicado para jogos pesados ou edi\u00e7\u00e3o de v\u00eddeo complexa.<\/p>\n<\/li>\n<\/ul>\n<hr data-start=\"1821\" data-end=\"1824\" \/>\n<h2 data-start=\"1826\" data-end=\"1858\"><strong data-start=\"1832\" data-end=\"1858\">Portas &amp; Conectividade<\/strong><\/h2>\n<ul data-start=\"1859\" data-end=\"2181\">\n<li data-start=\"1859\" data-end=\"1888\">\n<p data-start=\"1861\" data-end=\"1888\"><strong data-start=\"1861\" data-end=\"1886\">USB 3.1 Gen 1 \/ USB-C<\/strong><\/p>\n<\/li>\n<li data-start=\"1889\" data-end=\"1901\">\n<p data-start=\"1891\" data-end=\"1901\"><strong data-start=\"1891\" data-end=\"1899\">HDMI<\/strong><\/p>\n<\/li>\n<li data-start=\"1902\" data-end=\"1935\">\n<p data-start=\"1904\" data-end=\"1935\"><strong data-start=\"1904\" data-end=\"1911\">VGA<\/strong> (em algumas unidades)<\/p>\n<\/li>\n<li data-start=\"1936\" data-end=\"1960\">\n<p data-start=\"1938\" data-end=\"1960\"><strong data-start=\"1938\" data-end=\"1958\">Ethernet (RJ-45)<\/strong><\/p>\n<\/li>\n<li data-start=\"1961\" data-end=\"2005\">\n<p data-start=\"1963\" data-end=\"2005\"><strong data-start=\"1963\" data-end=\"2003\">Entradas de \u00e1udio (fone + microfone)<\/strong><\/p>\n<\/li>\n<li data-start=\"2006\" data-end=\"2033\">\n<p data-start=\"2008\" data-end=\"2033\"><strong data-start=\"2008\" data-end=\"2031\">Leitor de cart\u00e3o SD<\/strong><\/p>\n<\/li>\n<li data-start=\"2034\" data-end=\"2181\">\n<p data-start=\"2036\" data-end=\"2181\"><strong data-start=\"2036\" data-end=\"2068\">Wi-Fi e Bluetooth integrados<\/strong><\/p>\n<\/li>\n<\/ul>\n<hr data-start=\"2183\" data-end=\"2186\" \/>\n<h2 data-start=\"2188\" data-end=\"2217\"><strong data-start=\"2194\" data-end=\"2217\">Sistema Operacional<\/strong><\/h2>\n<ul data-start=\"2218\" data-end=\"2421\">\n<li data-start=\"2218\" data-end=\"2421\">\n<p data-start=\"2220\" data-end=\"2421\"><strong data-start=\"2220\" data-end=\"2247\">Windows 11 Pro<\/strong><\/p>\n<\/li>\n<\/ul>\n<hr data-start=\"2423\" data-end=\"2426\" \/>\n<h2 data-start=\"2428\" data-end=\"2461\"><strong data-start=\"2434\" data-end=\"2461\">Bateria &amp; Portabilidade<\/strong><\/h2>\n<ul data-start=\"2462\" data-end=\"2733\">\n<li data-start=\"2462\" data-end=\"2613\">\n<p data-start=\"2464\" data-end=\"2613\"><strong data-start=\"2464\" data-end=\"2492\">Bateria interna (~41 Wh)<\/strong><br data-start=\"2492\" data-end=\"2495\" \/>Dura\u00e7\u00e3o t\u00edpica para uso leve durante o dia (navega\u00e7\u00e3o, documentos, v\u00eddeos).<\/p>\n<\/li>\n<li data-start=\"2614\" data-end=\"2733\">\n<p data-start=\"2616\" data-end=\"2733\"><strong data-start=\"2616\" data-end=\"2636\">Peso aproximado:<\/strong> ~1,3 \u2013 1,5 kg<br data-start=\"2650\" data-end=\"2653\" \/>Notebook leve e f\u00e1cil de transportar.<\/p>\n<\/li>\n<\/ul>\n","protected":false},"excerpt":{"rendered":"<p>Principais Especifica\u00e7\u00f5es Processador Intel Celeron 3867U ou similar da s\u00e9rie CeleronProcessador de entrada com desempenho modesto, suficiente para tarefas como navegar na internet, editar documentos, e-mails, v\u00eddeos leves e estudos. Mem\u00f3ria (RAM) 8 GB DDR4 RAMBoa quantidade de mem\u00f3ria para abrir v\u00e1rias abas do navegador e usar v\u00e1rios programas leves ao mesmo tempo sem grandes [&hellip;]<\/p>\n","protected":false},"featured_media":2169,"comment_status":"closed","ping_status":"closed","template":"","meta":[],"product_brand":[],"product_cat":[52],"product_tag":[],"class_list":{"0":"post-2168","1":"product","2":"type-product","3":"status-publish","4":"has-post-thumbnail","6":"product_cat-informatica","8":"first","9":"instock","10":"sale","11":"shipping-taxable","12":"purchasable","13":"product-type-simple"},"_links":{"self":[{"href":"https:\/\/www.rodasil-angola.com\/loja\/wp-json\/wp\/v2\/product\/2168","targetHints":{"allow":["GET"]}}],"collection":[{"href":"https:\/\/www.rodasil-angola.com\/loja\/wp-json\/wp\/v2\/product"}],"about":[{"href":"https:\/\/www.rodasil-angola.com\/loja\/wp-json\/wp\/v2\/types\/product"}],"replies":[{"embeddable":true,"href":"https:\/\/www.rodasil-angola.com\/loja\/wp-json\/wp\/v2\/comments?post=2168"}],"version-history":[{"count":2,"href":"https:\/\/www.rodasil-angola.com\/loja\/wp-json\/wp\/v2\/product\/2168\/revisions"}],"predecessor-version":[{"id":2172,"href":"https:\/\/www.rodasil-angola.com\/loja\/wp-json\/wp\/v2\/product\/2168\/revisions\/2172"}],"wp:featuredmedia":[{"embeddable":true,"href":"https:\/\/www.rodasil-angola.com\/loja\/wp-json\/wp\/v2\/media\/2169"}],"wp:attachment":[{"href":"https:\/\/www.rodasil-angola.com\/loja\/wp-json\/wp\/v2\/media?parent=2168"}],"wp:term":[{"taxonomy":"product_brand","embeddable":true,"href":"https:\/\/www.rodasil-angola.com\/loja\/wp-json\/wp\/v2\/product_brand?post=2168"},{"taxonomy":"product_cat","embeddable":true,"href":"https:\/\/www.rodasil-angola.com\/loja\/wp-json\/wp\/v2\/product_cat?post=2168"},{"taxonomy":"product_tag","embeddable":true,"href":"https:\/\/www.rodasil-angola.com\/loja\/wp-json\/wp\/v2\/product_tag?post=2168"}],"curies":[{"name":"wp","href":"https:\/\/api.w.org\/{rel}","templated":true}]}}