{"id":2151,"date":"2026-01-14T08:02:30","date_gmt":"2026-01-14T11:02:30","guid":{"rendered":"https:\/\/www.rodasil-angola.com\/loja\/?post_type=product&#038;p=2151"},"modified":"2026-01-14T11:31:02","modified_gmt":"2026-01-14T14:31:02","slug":"hp-probook-430-g5-core-i5-7th","status":"publish","type":"product","link":"https:\/\/www.rodasil-angola.com\/loja\/produto\/hp-probook-430-g5-core-i5-7th\/","title":{"rendered":"HP PROBOOK 430 G5 CORE I5 7TH"},"content":{"rendered":"<h3 data-start=\"616\" data-end=\"652\"><strong data-start=\"623\" data-end=\"652\">Especifica\u00e7\u00f5es Principais<\/strong><\/h3>\n<p data-start=\"653\" data-end=\"679\"><strong data-start=\"653\" data-end=\"677\">Processador (CPU)<\/strong><\/p>\n<ul data-start=\"680\" data-end=\"931\">\n<li data-start=\"680\" data-end=\"723\">\n<p data-start=\"682\" data-end=\"723\">Intel\u00ae Core\u2122 i5-7200U de <strong data-start=\"707\" data-end=\"721\">7\u00aa gera\u00e7\u00e3o<\/strong><\/p>\n<\/li>\n<li data-start=\"724\" data-end=\"781\">\n<p data-start=\"726\" data-end=\"781\">Frequ\u00eancia base: ~2.5 GHz, com <strong data-start=\"757\" data-end=\"779\">Turbo at\u00e9 ~3.1 GHz<\/strong><\/p>\n<\/li>\n<li data-start=\"782\" data-end=\"931\">\n<p data-start=\"784\" data-end=\"931\">2 n\u00facleos \/ 4 threads, cache de 3 MB<br data-start=\"820\" data-end=\"823\" \/>Ideal para tarefas de produtividade, escrit\u00f3rio e multitarefa leve.<\/p>\n<\/li>\n<\/ul>\n<p data-start=\"933\" data-end=\"955\"><strong data-start=\"933\" data-end=\"953\">Mem\u00f3ria (RAM)<\/strong><\/p>\n<ul data-start=\"956\" data-end=\"1156\">\n<li data-start=\"956\" data-end=\"1156\">\n<p data-start=\"958\" data-end=\"1156\"><strong data-start=\"970\" data-end=\"983\">8 GB DDR4<\/strong><\/p>\n<\/li>\n<\/ul>\n<p data-start=\"1158\" data-end=\"1180\"><strong data-start=\"1158\" data-end=\"1178\">\u00a0Armazenamento<\/strong><\/p>\n<ul data-start=\"1181\" data-end=\"1395\">\n<li data-start=\"1181\" data-end=\"1395\">\n<p data-start=\"1183\" data-end=\"1395\"><strong data-start=\"1183\" data-end=\"1197\">256 SSD<\/strong><\/p>\n<\/li>\n<\/ul>\n<p data-start=\"1397\" data-end=\"1411\"><strong data-start=\"1397\" data-end=\"1409\">\u00a0Tela<\/strong><\/p>\n<ul data-start=\"1412\" data-end=\"1605\">\n<li data-start=\"1412\" data-end=\"1437\">\n<p data-start=\"1414\" data-end=\"1437\"><strong data-start=\"1414\" data-end=\"1435\">15,6\u2033 LED-backlit<\/strong><\/p>\n<\/li>\n<li data-start=\"1438\" data-end=\"1605\">\n<p data-start=\"1440\" data-end=\"1605\">HD (1366 \u00d7 768) ou op\u00e7\u00e3o <strong data-start=\"1465\" data-end=\"1490\">Full HD (1920 \u00d7 1080)<\/strong> dependendo da unidade<br data-start=\"1512\" data-end=\"1515\" \/>Tela grande para produtividade, estudos e filmes.<\/p>\n<\/li>\n<\/ul>\n<p data-start=\"1607\" data-end=\"1624\"><strong data-start=\"1607\" data-end=\"1622\">\u00a0Gr\u00e1ficos<\/strong><\/p>\n<ul data-start=\"1625\" data-end=\"1754\">\n<li data-start=\"1625\" data-end=\"1754\">\n<p data-start=\"1627\" data-end=\"1754\"><strong data-start=\"1627\" data-end=\"1662\">Intel HD Graphics 620 integrada<\/strong><br data-start=\"1662\" data-end=\"1665\" \/>Boa para v\u00eddeos, gr\u00e1ficos simples e jogos leves.<\/p>\n<\/li>\n<\/ul>\n","protected":false},"excerpt":{"rendered":"<p>Especifica\u00e7\u00f5es Principais Processador (CPU) Intel\u00ae Core\u2122 i5-7200U de 7\u00aa gera\u00e7\u00e3o Frequ\u00eancia base: ~2.5 GHz, com Turbo at\u00e9 ~3.1 GHz 2 n\u00facleos \/ 4 threads, cache de 3 MBIdeal para tarefas de produtividade, escrit\u00f3rio e multitarefa leve. Mem\u00f3ria (RAM) 8 GB DDR4 \u00a0Armazenamento 256 SSD \u00a0Tela 15,6\u2033 LED-backlit HD (1366 \u00d7 768) ou op\u00e7\u00e3o Full HD [&hellip;]<\/p>\n","protected":false},"featured_media":2190,"comment_status":"closed","ping_status":"closed","template":"","meta":[],"product_brand":[],"product_cat":[52],"product_tag":[],"class_list":{"0":"post-2151","1":"product","2":"type-product","3":"status-publish","4":"has-post-thumbnail","6":"product_cat-informatica","8":"first","9":"instock","10":"sale","11":"shipping-taxable","12":"purchasable","13":"product-type-simple"},"_links":{"self":[{"href":"https:\/\/www.rodasil-angola.com\/loja\/wp-json\/wp\/v2\/product\/2151","targetHints":{"allow":["GET"]}}],"collection":[{"href":"https:\/\/www.rodasil-angola.com\/loja\/wp-json\/wp\/v2\/product"}],"about":[{"href":"https:\/\/www.rodasil-angola.com\/loja\/wp-json\/wp\/v2\/types\/product"}],"replies":[{"embeddable":true,"href":"https:\/\/www.rodasil-angola.com\/loja\/wp-json\/wp\/v2\/comments?post=2151"}],"version-history":[{"count":1,"href":"https:\/\/www.rodasil-angola.com\/loja\/wp-json\/wp\/v2\/product\/2151\/revisions"}],"predecessor-version":[{"id":2154,"href":"https:\/\/www.rodasil-angola.com\/loja\/wp-json\/wp\/v2\/product\/2151\/revisions\/2154"}],"wp:featuredmedia":[{"embeddable":true,"href":"https:\/\/www.rodasil-angola.com\/loja\/wp-json\/wp\/v2\/media\/2190"}],"wp:attachment":[{"href":"https:\/\/www.rodasil-angola.com\/loja\/wp-json\/wp\/v2\/media?parent=2151"}],"wp:term":[{"taxonomy":"product_brand","embeddable":true,"href":"https:\/\/www.rodasil-angola.com\/loja\/wp-json\/wp\/v2\/product_brand?post=2151"},{"taxonomy":"product_cat","embeddable":true,"href":"https:\/\/www.rodasil-angola.com\/loja\/wp-json\/wp\/v2\/product_cat?post=2151"},{"taxonomy":"product_tag","embeddable":true,"href":"https:\/\/www.rodasil-angola.com\/loja\/wp-json\/wp\/v2\/product_tag?post=2151"}],"curies":[{"name":"wp","href":"https:\/\/api.w.org\/{rel}","templated":true}]}}