{"id":2127,"date":"2026-01-13T11:30:03","date_gmt":"2026-01-13T14:30:03","guid":{"rendered":"https:\/\/www.rodasil-angola.com\/loja\/?post_type=product&#038;p=2127"},"modified":"2026-01-14T11:40:47","modified_gmt":"2026-01-14T14:40:47","slug":"hp-probook-640-g5-core-i5-7th-8-gb-ram","status":"publish","type":"product","link":"https:\/\/www.rodasil-angola.com\/loja\/produto\/hp-probook-640-g5-core-i5-7th-8-gb-ram\/","title":{"rendered":"HP PROBOOK 640 G5 CORE I5 7TH 8 GB RAM"},"content":{"rendered":"<table>\n<tbody>\n<tr class=\"rowBgui\">\n<td class=\"tdwdt \">Processador<\/td>\n<td class=\"tdwdt1 color6 \"><span class=\"datatooltip\">Core i5<\/span><\/td>\n<\/tr>\n<tr class=\"\">\n<td class=\"tdwdt \">Tamanho do Disco R\u00edgido<\/td>\n<td class=\"tdwdt1 color6 \"><span class=\"datatooltip\">256 GB<\/span><\/td>\n<\/tr>\n<tr class=\"rowBgui\">\n<td class=\"tdwdt \">RAM<\/td>\n<td class=\"tdwdt1 color6 \"><span class=\"datatooltip\">8 GB<\/span><\/td>\n<\/tr>\n<tr class=\"\">\n<td class=\"tdwdt \">Tamanho da Tela<\/td>\n<td class=\"tdwdt1 color6 \"><span class=\"datatooltip\">14 polegadas<\/span><\/td>\n<\/tr>\n<tr class=\"rowBgui\">\n<td class=\"tdwdt \">S\u00e9ries<\/td>\n<td class=\"tdwdt1 color6 \"><span class=\"datatooltip\">Probook<\/span><\/td>\n<\/tr>\n<tr class=\"\">\n<td class=\"tdwdt \">Sistema Operacional<\/td>\n<td class=\"tdwdt1 color6 \"><span class=\"datatooltip\">Windows 10<\/span><\/td>\n<\/tr>\n<tr class=\"rowBgui\">\n<td class=\"tdwdt \">Nome\/N\u00famero do Modelo<\/td>\n<td class=\"tdwdt1 color6 \"><span class=\"datatooltip\">Probook 640 G5<\/span><\/td>\n<\/tr>\n<tr class=\"\">\n<td class=\"tdwdt \">Garantia<\/td>\n<td class=\"tdwdt1 color6 \"><span class=\"datatooltip\">1 ano<\/span><\/td>\n<\/tr>\n<tr class=\"rowBgui\">\n<td class=\"tdwdt \">Placa de V\u00eddeo<\/td>\n<td class=\"tdwdt1 color6 \"><span class=\"datatooltip\">256 GB<\/span><\/td>\n<\/tr>\n<tr class=\"\">\n<td class=\"tdwdt \">Dimens\u00f5es<\/td>\n<td class=\"tdwdt1 color6 \"><span class=\"datatooltip\">34,03 x 24,13 x 2,11 cm (13,4 x 9,5 x 0,83 pol)<\/span><\/td>\n<\/tr>\n<tr class=\"rowBgui\">\n<td class=\"tdwdt \">Uso\/Aplica\u00e7\u00e3o<\/td>\n<td class=\"tdwdt1 color6 \"><span class=\"datatooltip\">Uso pessoal<\/span><\/td>\n<\/tr>\n<tr class=\"\">\n<td class=\"tdwdt \"><\/td>\n<td class=\"tdwdt1 color6 \"><\/td>\n<\/tr>\n<tr class=\"rowBgui\">\n<td class=\"tdwdt \">Peso<\/td>\n<td class=\"tdwdt1 color6 \"><span class=\"datatooltip\">1073gm<\/span><\/td>\n<\/tr>\n<tr class=\"\">\n<td class=\"tdwdt \">Tipo de Armazenamento<\/td>\n<td class=\"tdwdt1 color6 \"><span class=\"datatooltip\">SSD<\/span><\/td>\n<\/tr>\n<tr class=\"rowBgui\">\n<td class=\"tdwdt \">Gr\u00e1ficos Incorporados<\/td>\n<td class=\"tdwdt1 color6 \"><span class=\"datatooltip\">Intel UHD Graphics 620<\/span><\/td>\n<\/tr>\n<tr class=\"\">\n<td class=\"tdwdt \">Teclado<\/td>\n<td class=\"tdwdt1 color6 \"><span class=\"datatooltip\">Teclado Avan\u00e7ado HP<\/span><\/td>\n<\/tr>\n<tr class=\"rowBgui\">\n<td class=\"tdwdt \">\u00c1udio<\/td>\n<td class=\"tdwdt1 color6 \"><span class=\"datatooltip\">Microfone integrado de matriz dupla<\/span><\/td>\n<\/tr>\n<tr class=\"\">\n<td class=\"tdwdt \">Bluetooth<\/td>\n<td class=\"tdwdt1 color6 \"><span class=\"datatooltip\">Bluetooth 5 Combo<\/span><\/td>\n<\/tr>\n<tr class=\"rowBgui\">\n<td class=\"tdwdt \">Adaptador de Energia<\/td>\n<td class=\"tdwdt1 color6 \"><span class=\"datatooltip\">Adaptador de energia externo HP Smart de 65 W<\/span><\/td>\n<\/tr>\n<tr class=\"\">\n<td class=\"tdwdt \">Marca<\/td>\n<td class=\"tdwdt1 color6 \"><span class=\"datatooltip\">HP<\/span><\/td>\n<\/tr>\n<tr class=\"rowBgui\">\n<td class=\"tdwdt \">Disponibilidade<\/td>\n<td class=\"tdwdt1 color6 \"><span class=\"datatooltip\">Em Estoque<\/span><\/td>\n<\/tr>\n<\/tbody>\n<\/table>\n","protected":false},"excerpt":{"rendered":"<p>Processador Core i5 Tamanho do Disco R\u00edgido 256 GB RAM 8 GB Tamanho da Tela 14 polegadas S\u00e9ries Probook Sistema Operacional Windows 10 Nome\/N\u00famero do Modelo Probook 640 G5 Garantia 1 ano Placa de V\u00eddeo 256 GB Dimens\u00f5es 34,03 x 24,13 x 2,11 cm (13,4 x 9,5 x 0,83 pol) Uso\/Aplica\u00e7\u00e3o Uso pessoal Peso 1073gm [&hellip;]<\/p>\n","protected":false},"featured_media":2192,"comment_status":"closed","ping_status":"closed","template":"","meta":[],"product_brand":[],"product_cat":[52],"product_tag":[],"class_list":{"0":"post-2127","1":"product","2":"type-product","3":"status-publish","4":"has-post-thumbnail","6":"product_cat-informatica","8":"first","9":"instock","10":"sale","11":"shipping-taxable","12":"purchasable","13":"product-type-simple"},"_links":{"self":[{"href":"https:\/\/www.rodasil-angola.com\/loja\/wp-json\/wp\/v2\/product\/2127","targetHints":{"allow":["GET"]}}],"collection":[{"href":"https:\/\/www.rodasil-angola.com\/loja\/wp-json\/wp\/v2\/product"}],"about":[{"href":"https:\/\/www.rodasil-angola.com\/loja\/wp-json\/wp\/v2\/types\/product"}],"replies":[{"embeddable":true,"href":"https:\/\/www.rodasil-angola.com\/loja\/wp-json\/wp\/v2\/comments?post=2127"}],"version-history":[{"count":1,"href":"https:\/\/www.rodasil-angola.com\/loja\/wp-json\/wp\/v2\/product\/2127\/revisions"}],"predecessor-version":[{"id":2130,"href":"https:\/\/www.rodasil-angola.com\/loja\/wp-json\/wp\/v2\/product\/2127\/revisions\/2130"}],"wp:featuredmedia":[{"embeddable":true,"href":"https:\/\/www.rodasil-angola.com\/loja\/wp-json\/wp\/v2\/media\/2192"}],"wp:attachment":[{"href":"https:\/\/www.rodasil-angola.com\/loja\/wp-json\/wp\/v2\/media?parent=2127"}],"wp:term":[{"taxonomy":"product_brand","embeddable":true,"href":"https:\/\/www.rodasil-angola.com\/loja\/wp-json\/wp\/v2\/product_brand?post=2127"},{"taxonomy":"product_cat","embeddable":true,"href":"https:\/\/www.rodasil-angola.com\/loja\/wp-json\/wp\/v2\/product_cat?post=2127"},{"taxonomy":"product_tag","embeddable":true,"href":"https:\/\/www.rodasil-angola.com\/loja\/wp-json\/wp\/v2\/product_tag?post=2127"}],"curies":[{"name":"wp","href":"https:\/\/api.w.org\/{rel}","templated":true}]}}