{"id":2120,"date":"2026-01-13T10:28:21","date_gmt":"2026-01-13T13:28:21","guid":{"rendered":"https:\/\/www.rodasil-angola.com\/loja\/?post_type=product&#038;p=2120"},"modified":"2026-01-14T11:34:29","modified_gmt":"2026-01-14T14:34:29","slug":"hp-probook-440-g5-core-i7-8th-8-gb-ram-256-gb-ssd","status":"publish","type":"product","link":"https:\/\/www.rodasil-angola.com\/loja\/produto\/hp-probook-440-g5-core-i7-8th-8-gb-ram-256-gb-ssd\/","title":{"rendered":"HP PROBOOK 440 G5 CORE I7 8TH 8 GB RAM 256 GB SSD"},"content":{"rendered":"<table class=\"table\" width=\"972\">\n<tbody>\n<tr>\n<td><strong>Processador<\/strong><\/td>\n<td>Processador Intel\u00ae Core\u2122 i7-8250U<\/td>\n<\/tr>\n<tr>\n<td><strong>Mem\u00f3ria<\/strong><\/td>\n<td>8 GB de mem\u00f3ria DDR4-2133 PC4 SO-DIMM (1 DIMM)<\/td>\n<\/tr>\n<tr>\n<td><strong>Armazenamento<\/strong><\/td>\n<td>Disco r\u00edgido SSD M.2 PCIe NVMe de 256 GB<\/td>\n<\/tr>\n<tr>\n<td><strong>Gr\u00e1ficos<\/strong><\/td>\n<td>NVIDIA\u00ae GeForce\u00ae 930MX (2GB DDR3 dedicado, comut\u00e1vel)<\/td>\n<\/tr>\n<tr>\n<td><strong>Exibi\u00e7\u00e3o<\/strong><\/td>\n<td>LED plano anti-reflexo FHD UWVA diagonal de 14&#8243;, 220 cd\/m2, 45% sRGB (1920 x 1080)<\/td>\n<\/tr>\n<tr>\n<td><strong>Seguran\u00e7a<\/strong><\/td>\n<td>Seguran\u00e7a de Impress\u00f5es Digitais<\/td>\n<\/tr>\n<tr>\n<td><strong>Web Camera<\/strong><\/td>\n<td>Webcam HD 720p integrada com microfone de matriz dupla<\/td>\n<\/tr>\n<tr>\n<td><strong>Networking<\/strong><\/td>\n<td>Realtek 802.11 b\/g\/n\/ (1\u00d71) Bluetooth\u00ae 4.0<\/td>\n<\/tr>\n<tr>\n<td><strong>Interface<\/strong><\/td>\n<td>1 USB 2.0 (porta de energia); 1 USB 3.0; 1 porta USB 3.0 Tipo-C\u2122; 1 HDMI; 1 RJ-45; 1 VGA; 1 combina\u00e7\u00e3o fone\/microfone; 1 Energia AC<\/td>\n<\/tr>\n<tr>\n<td><strong>Sistema Operacional<\/strong><\/td>\n<td>Windows 10 Pro 64 Bits<\/td>\n<\/tr>\n<\/tbody>\n<\/table>\n","protected":false},"excerpt":{"rendered":"<p>Processador Processador Intel\u00ae Core\u2122 i7-8250U Mem\u00f3ria 8 GB de mem\u00f3ria DDR4-2133 PC4 SO-DIMM (1 DIMM) Armazenamento Disco r\u00edgido SSD M.2 PCIe NVMe de 256 GB Gr\u00e1ficos NVIDIA\u00ae GeForce\u00ae 930MX (2GB DDR3 dedicado, comut\u00e1vel) Exibi\u00e7\u00e3o LED plano anti-reflexo FHD UWVA diagonal de 14&#8243;, 220 cd\/m2, 45% sRGB (1920 x 1080) Seguran\u00e7a Seguran\u00e7a de Impress\u00f5es Digitais Web [&hellip;]<\/p>\n","protected":false},"featured_media":2191,"comment_status":"closed","ping_status":"closed","template":"","meta":[],"product_brand":[],"product_cat":[52,55],"product_tag":[],"class_list":{"0":"post-2120","1":"product","2":"type-product","3":"status-publish","4":"has-post-thumbnail","6":"product_cat-informatica","7":"product_cat-tecnologia","9":"first","10":"instock","11":"sale","12":"shipping-taxable","13":"purchasable","14":"product-type-simple"},"_links":{"self":[{"href":"https:\/\/www.rodasil-angola.com\/loja\/wp-json\/wp\/v2\/product\/2120","targetHints":{"allow":["GET"]}}],"collection":[{"href":"https:\/\/www.rodasil-angola.com\/loja\/wp-json\/wp\/v2\/product"}],"about":[{"href":"https:\/\/www.rodasil-angola.com\/loja\/wp-json\/wp\/v2\/types\/product"}],"replies":[{"embeddable":true,"href":"https:\/\/www.rodasil-angola.com\/loja\/wp-json\/wp\/v2\/comments?post=2120"}],"version-history":[{"count":1,"href":"https:\/\/www.rodasil-angola.com\/loja\/wp-json\/wp\/v2\/product\/2120\/revisions"}],"predecessor-version":[{"id":2124,"href":"https:\/\/www.rodasil-angola.com\/loja\/wp-json\/wp\/v2\/product\/2120\/revisions\/2124"}],"wp:featuredmedia":[{"embeddable":true,"href":"https:\/\/www.rodasil-angola.com\/loja\/wp-json\/wp\/v2\/media\/2191"}],"wp:attachment":[{"href":"https:\/\/www.rodasil-angola.com\/loja\/wp-json\/wp\/v2\/media?parent=2120"}],"wp:term":[{"taxonomy":"product_brand","embeddable":true,"href":"https:\/\/www.rodasil-angola.com\/loja\/wp-json\/wp\/v2\/product_brand?post=2120"},{"taxonomy":"product_cat","embeddable":true,"href":"https:\/\/www.rodasil-angola.com\/loja\/wp-json\/wp\/v2\/product_cat?post=2120"},{"taxonomy":"product_tag","embeddable":true,"href":"https:\/\/www.rodasil-angola.com\/loja\/wp-json\/wp\/v2\/product_tag?post=2120"}],"curies":[{"name":"wp","href":"https:\/\/api.w.org\/{rel}","templated":true}]}}