{"id":2105,"date":"2026-01-13T08:30:09","date_gmt":"2026-01-13T11:30:09","guid":{"rendered":"https:\/\/www.rodasil-angola.com\/loja\/?post_type=product&#038;p=2105"},"modified":"2026-01-13T08:30:09","modified_gmt":"2026-01-13T11:30:09","slug":"hp-probook-450-g8-core-i5-11th-512gb-ssd-16gb-ddr4","status":"publish","type":"product","link":"https:\/\/www.rodasil-angola.com\/loja\/produto\/hp-probook-450-g8-core-i5-11th-512gb-ssd-16gb-ddr4\/","title":{"rendered":"HP PROBOOK 450 G8  CORE I5 11TH 512GB SSD 16GB DDR4"},"content":{"rendered":"<p class=\"sc-2e32950b-2 beLzGx\" data-available=\"false\">Notebook HP 15.6&#8243; Core I5-1135G7 8GB RAM 512GB SSD PROBOOK 450G8<\/p>\n<p class=\"sc-2e32950b-3 cYRTi\">\n<div class=\"sc-24cb27c0-1 bolKno\">\n<h2 class=\"sc-24cb27c0-2 cPKmRA\">Caracter\u00edsticas T\u00e9cnicas<\/h2>\n<ul class=\"sc-24cb27c0-3 dlgfHc\">\n<li class=\"sc-24cb27c0-4 hflszk visible\">\n<h3 class=\"groupTitle\">Processador<\/h3>\n<div class=\"content\">\n<div class=\"sc-24cb27c0-5 RSBpg\"><span class=\"specName\">Processador <\/span><span class=\"specValue\">Intel Core i5<\/span><\/div>\n<div class=\"sc-24cb27c0-5 bSuNu\"><span class=\"specName\">Mod. processador <\/span><span class=\"specValue\">1135G7<\/span><\/div>\n<\/div>\n<\/li>\n<li class=\"sc-24cb27c0-4 hflszk noVisible\">\n<h3 class=\"groupTitle\">Memoria<\/h3>\n<div class=\"content\">\n<div class=\"sc-24cb27c0-5 RSBpg\"><span class=\"specName\">Disco SSD <\/span><span class=\"specValue\">512 GB<\/span><\/div>\n<div class=\"sc-24cb27c0-5 bSuNu\"><span class=\"specName\">RAM 16<\/span><span class=\"specValue\">\u00a0GB<\/span><\/div>\n<div class=\"sc-24cb27c0-5 RSBpg\"><span class=\"specName\">Tipo de disco <\/span><span class=\"specValue\">SSD<\/span><\/div>\n<\/div>\n<\/li>\n<li class=\"sc-24cb27c0-4 hflszk noVisible\">\n<h3 class=\"groupTitle\">Sistema Operativo<\/h3>\n<div class=\"content\">\n<div class=\"sc-24cb27c0-5 RSBpg\"><span class=\"specName\">Sistema operativo <\/span><span class=\"specValue\">Windows 10 Pro<\/span><\/div>\n<\/div>\n<\/li>\n<li class=\"sc-24cb27c0-4 hflszk noVisible\">\n<h3 class=\"groupTitle\">Imagem<\/h3>\n<div class=\"content\">\n<div class=\"sc-24cb27c0-5 RSBpg\"><span class=\"specName\">Pantalla<\/span><span class=\"specValue\">15.6<\/span><\/div>\n<div class=\"sc-24cb27c0-5 bSuNu\"><span class=\"specName\">Resoluci\u00f3n de pantalla<\/span><span class=\"specValue\">1366 x 768<\/span><\/div>\n<div class=\"sc-24cb27c0-5 RSBpg\"><span class=\"specName\">Pantalla t\u00e1ctil<\/span><span class=\"specValue\">No<\/span><\/div>\n<div class=\"sc-24cb27c0-5 bSuNu\"><span class=\"specName\">Placa de video<\/span><span class=\"specValue\">No<\/span><\/div>\n<\/div>\n<\/li>\n<li class=\"sc-24cb27c0-4 hflszk noVisible\">\n<h3 class=\"groupTitle\">Conectividade<\/h3>\n<div class=\"content\">\n<div class=\"sc-24cb27c0-5 RSBpg\"><span class=\"specName\">Wi-Fi<\/span><span class=\"specValue\">S\u00ed<\/span><\/div>\n<div class=\"sc-24cb27c0-5 bSuNu\"><span class=\"specName\">Puertos usb<\/span><span class=\"specValue\">Si<\/span><\/div>\n<div class=\"sc-24cb27c0-5 RSBpg\"><span class=\"specName\">Puerto HDMI<\/span><span class=\"specValue\">Si<\/span><\/div>\n<div class=\"sc-24cb27c0-5 bSuNu\"><span class=\"specName\">Bluetooth<\/span><span class=\"specValue\">S\u00ed<\/span><\/div>\n<\/div>\n<\/li>\n<li class=\"sc-24cb27c0-4 hflszk noVisible\">\n<h3 class=\"groupTitle\">Detalles<\/h3>\n<div class=\"content\">\n<div class=\"sc-24cb27c0-5 RSBpg\"><span class=\"specName\">Camara<\/span><span class=\"specValue\">S\u00ed<\/span><\/div>\n<div class=\"sc-24cb27c0-5 bSuNu\"><span class=\"specName\">Teclado num\u00e9rico<\/span><span class=\"specValue\">S\u00ed<\/span><\/div>\n<div class=\"sc-24cb27c0-5 RSBpg\"><span class=\"specName\">Otros<\/span><span class=\"specValue\">579Z0LT<\/span><\/div>\n<\/div>\n<\/li>\n<li class=\"sc-24cb27c0-4 hflszk noVisible\">\n<h3 class=\"groupTitle\">Dimensiones<\/h3>\n<div class=\"content\">\n<div class=\"sc-24cb27c0-5 RSBpg\"><span class=\"specName\">Medidas<\/span><span class=\"specValue\">35cm x 2cm x 23cm<\/span><\/div>\n<div class=\"sc-24cb27c0-5 bSuNu\"><span class=\"specName\">Peso<\/span><span class=\"specValue\">1740gr<\/span><\/div>\n<\/div>\n<\/li>\n<li class=\"sc-24cb27c0-4 hflszk noVisible\">\n<h3 class=\"groupTitle\">Bateria<\/h3>\n<div class=\"content\">\n<div class=\"sc-24cb27c0-5 RSBpg\"><span class=\"specName\">Bateria <\/span><span class=\"specValue\">Bater\u00eda de iones de litio de larga duraci\u00f3n HP de 3\u00a0celdas y 45\u00a0Wh<\/span><\/div>\n<\/div>\n<\/li>\n<li class=\"sc-24cb27c0-4 gNcGle noVisible\">\n<div class=\"content\">\n<div class=\"sc-24cb27c0-5 bSuNu\"><\/div>\n<\/div>\n<\/li>\n<\/ul>\n<\/div>\n","protected":false},"excerpt":{"rendered":"<p>Notebook HP 15.6&#8243; Core I5-1135G7 8GB RAM 512GB SSD PROBOOK 450G8 Caracter\u00edsticas T\u00e9cnicas Processador Processador Intel Core i5 Mod. processador 1135G7 Memoria Disco SSD 512 GB RAM 16\u00a0GB Tipo de disco SSD Sistema Operativo Sistema operativo Windows 10 Pro Imagem Pantalla15.6 Resoluci\u00f3n de pantalla1366 x 768 Pantalla t\u00e1ctilNo Placa de videoNo Conectividade Wi-FiS\u00ed Puertos usbSi [&hellip;]<\/p>\n","protected":false},"featured_media":2107,"comment_status":"closed","ping_status":"closed","template":"","meta":[],"product_brand":[],"product_cat":[52],"product_tag":[],"class_list":{"0":"post-2105","1":"product","2":"type-product","3":"status-publish","4":"has-post-thumbnail","6":"product_cat-informatica","8":"first","9":"instock","10":"sale","11":"shipping-taxable","12":"purchasable","13":"product-type-simple"},"_links":{"self":[{"href":"https:\/\/www.rodasil-angola.com\/loja\/wp-json\/wp\/v2\/product\/2105","targetHints":{"allow":["GET"]}}],"collection":[{"href":"https:\/\/www.rodasil-angola.com\/loja\/wp-json\/wp\/v2\/product"}],"about":[{"href":"https:\/\/www.rodasil-angola.com\/loja\/wp-json\/wp\/v2\/types\/product"}],"replies":[{"embeddable":true,"href":"https:\/\/www.rodasil-angola.com\/loja\/wp-json\/wp\/v2\/comments?post=2105"}],"version-history":[{"count":1,"href":"https:\/\/www.rodasil-angola.com\/loja\/wp-json\/wp\/v2\/product\/2105\/revisions"}],"predecessor-version":[{"id":2108,"href":"https:\/\/www.rodasil-angola.com\/loja\/wp-json\/wp\/v2\/product\/2105\/revisions\/2108"}],"wp:featuredmedia":[{"embeddable":true,"href":"https:\/\/www.rodasil-angola.com\/loja\/wp-json\/wp\/v2\/media\/2107"}],"wp:attachment":[{"href":"https:\/\/www.rodasil-angola.com\/loja\/wp-json\/wp\/v2\/media?parent=2105"}],"wp:term":[{"taxonomy":"product_brand","embeddable":true,"href":"https:\/\/www.rodasil-angola.com\/loja\/wp-json\/wp\/v2\/product_brand?post=2105"},{"taxonomy":"product_cat","embeddable":true,"href":"https:\/\/www.rodasil-angola.com\/loja\/wp-json\/wp\/v2\/product_cat?post=2105"},{"taxonomy":"product_tag","embeddable":true,"href":"https:\/\/www.rodasil-angola.com\/loja\/wp-json\/wp\/v2\/product_tag?post=2105"}],"curies":[{"name":"wp","href":"https:\/\/api.w.org\/{rel}","templated":true}]}}